25.
45
Let u(t) = -t**3 - 10*t**2 - 11*t - 7. Let g be u(-9). Calculate the highest common divisor of g and 209.
11
Let d(t) = 18*t**2 - 1. Let k be d(1). Let i = -219 + 151. Let c = i + 153. What is the highest common divisor of k and c?
17
Suppose -3*w = -200 - 196. Let a = -8 - -20. Calculate the greatest common factor of a and w.
12
Let u(h) = -9*h - 443. Let n be u(-53). Calculate the greatest common factor of 425 and n.
17
Suppose -2*o + 27 + 41 = 0. Suppose 5*p = 5*v - 85, -2*v + 34 = p - 0. Calculate the greatest common divisor of v and o.
17
Let d(p) = -5*p**3 - 26*p**2 - 5*p - 71. Let k be d(-6). Calculate the highest common divisor of k and 2.
1
Let x = 22096 + -22074. Let q(w) = 3*w**3 - 1. Let a be q(1). Calculate the highest common divisor of a and x.
2
Suppose 24*m - 408 = 792. What is the greatest common divisor of m and 4?
2
Suppose -13370 = -21*a - 4550. Calculate the greatest common divisor of 300 and a.
60
Suppose 4*t + 14*c - 10*c = 24, 0 = 2*c + 10. Calculate the greatest common factor of 1914 and t.
11
Suppose -8 + 14 = 2*a. Let c be ((-70)/(-20))/(3*a/36). Calculate the greatest common divisor of c and 112.
14
Suppose -34 = -2*h + 18. Let x = -1431 - -1457. What is the greatest common divisor of x and h?
26
Let c(v) = v - 6. Let n be c(8). Suppose 6*g - 118 = -n*t + g, -3*t - 4*g + 170 = 0. Suppose -4*a = -127 - 17. Calculate the highest common factor of t and a.
18
Let k = -126 + 217. Suppose -5*m + 2*m - 2*v = 54, -18 = m + 2*v. Let q = 31 + m. What is the highest common factor of k and q?
13
Suppose -z = 3*z - 416. Let t be -1 - 2*54/(-4) - 0. What is the highest common divisor of z and t?
26
Let v(o) = o**3 + 11*o**2 - 4*o - 11. Suppose -3*x = 0, -3*x = -5*g - x - 55. Let b be v(g). Calculate the greatest common factor of b and 33.
33
Let r(k) = -36*k - 162. Let j be r(-5). What is the highest common factor of 2178 and j?
18
Let c be (-271)/(-13) - 66/(-429). What is the highest common factor of 175 and c?
7
Let i(t) = t**2 + 37*t + 227. Let p be i(-9). Suppose -3*x = -0*x - 96. Let w = x + p. What is the highest common factor of w and 14?
7
Let y(s) = 46*s**2 - 13*s + 45. Let a be y(3). What is the greatest common factor of 28 and a?
28
Let b = -13 + 16. Suppose d + b*d - 304 = 0. What is the highest common divisor of 19 and d?
19
Let z(y) = -9*y - 165. Let f be z(-21). Calculate the highest common divisor of f and 6.
6
Let i(x) = 11*x**3 - 2*x**2 - 3*x + 2. Let a be i(2). Calculate the greatest common factor of 361 and a.
19
Let i(j) = 2*j**2 + 18*j - 16. Suppose 2*r - u = -23, u + 10 = -r - 6. Let h be i(r). What is the greatest common factor of 11 and h?
11
Let x(t) = 3*t**2 - 23*t - 79. Let p be x(-5). Calculate the highest common factor of 1221 and p.
111
Let y = -72 - -112. What is the highest common factor of y and 70?
10
Suppose 4*w + 20 - 68 = 0. Let k(i) = i**3 - 5*i**2 + 4*i + 4. Let b be k(3). Let r be b*15/(w/(-4)). Calculate the greatest common factor of 60 and r.
10
Let k be 12/(-2) - (-370 - 4). What is the greatest common factor of k and 23?
23
Let a(b) = -3*b - 8. Let n be a(-5). Let t = n + -7. Suppose t = -5*g + 31 - 1. What is the highest common factor of g and 6?
6
Let x = -1618 - -1644. Let r = -50 - -89. What is the greatest common factor of r and x?
13
Let i = -766 - -928. What is the greatest common divisor of i and 24?
6
Let q = 0 - -16. Let k(p) = -p**2 + 73. Let u be k(7). Calculate the highest common divisor of u and q.
8
Suppose -o + 1 = -b, -3*o + 16 = b + 1. Let x be b/4 - (1 + 30/(-24)). Calculate the highest common factor of 8 and x.
1
Suppose 5*h = 5, h - 4627 + 1146 = -2*g. Calculate the highest common divisor of 60 and g.
60
Let f be (-1729)/(-117) + (-2)/(-9). Let r = f - 7. Calculate the greatest common divisor of r and 16.
8
Suppose -5*x + 2*x - 4*b = 425, -4*b - 568 = 4*x. Let c = -63 - x. What is the highest common factor of c and 20?
20
Suppose 4*m - 20 = 0, -5*i + 2*m + 160 = -145. Suppose i = 2*h + h. Suppose -7 = -3*b + 2*b. What is the greatest common divisor of h and b?
7
Suppose 831 - 2807 = -19*j. What is the highest common factor of j and 754?
26
Suppose 4*z = -5*o + 890, 222 = -30*z + 31*z + o. What is the highest common factor of z and 165?
55
Let z(w) = -4*w - w + w**2 - w - 2*w**2 - 5. Let q be z(-3). Let f be ((-22)/(-88))/(1/q). What is the highest common factor of 8 and f?
1
Suppose 18 + 618 = 12*b. Calculate the highest common divisor of b and 53.
53
Suppose 1 = -v - 4. Let j = 5 - v. Suppose 3*s - 281 = 49. What is the highest common divisor of j and s?
10
Suppose 64 = 3*x - x. Let m be -2 - (-230)/110 - 43/(-11). Calculate the highest common factor of m and x.
4
Let g be 123 + (-12)/6*2. What is the highest common factor of 14 and g?
7
Let i = -8 - -14. Suppose 5*f = 61 - i. Let m = 102 + -25. Calculate the highest common divisor of m and f.
11
Let p(c) = 5*c**3 - 7*c**2 + 2. Let s be p(5). Suppose 6*o - 5*o = -s. Let b be (-10)/35 - o/14. Calculate the highest common divisor of b and 48.
16
Suppose 2*v - 60 = -2*a, a - 132 = -5*v + 2*a. Calculate the greatest common divisor of 234 and v.
9
Suppose -4*n - 4*y = -28, 0 = 4*n + 5*y - 6*y - 28. Calculate the highest common factor of n and 63.
7
Let w = 5 + 111. Calculate the highest common divisor of 4 and w.
4
Suppose 4*g - 2*t - 308 = 0, -231 = -3*g + 13*t - 10*t. Suppose 5*z = -0*z + 5, 0 = -2*r + 2*z + 20. What is the greatest common factor of g and r?
11
Let j(x) = 1132*x**3 - 4*x**2 - x + 4. Let w be j(1). Calculate the greatest common divisor of w and 78.
39
Suppose 0 = 2*k - 4*k + 88. Calculate the greatest common divisor of 396 and k.
44
Let z = -2 + 6. Suppose 4*o = -z*p + p + 89, 5*o = -p + 103. What is the greatest common factor of 160 and o?
20
Let j = -74 - -6. Let r = j + 156. Let a be (4 - 0)/((-1)/(-2)). Calculate the greatest common divisor of r and a.
8
Let h = -2 - -4. Suppose -z + 270 = h*z. Let j(u) = u**3 - 7*u**2 - 10*u - 42. Let o be j(9). Calculate the highest common divisor of z and o.
30
Let q be 8 + -1 + -1 - -5. What is the greatest common divisor of 99 and q?
11
Suppose -12 = -16*x + 20. What is the highest common divisor of 31 and x?
1
Suppose 217 = 3*h + 3*b + 37, 4*h - b - 240 = 0. Calculate the greatest common factor of h and 450.
30
Suppose -4*p = -3*c - 211, 2*p - c = 3*p - 51. Calculate the highest common factor of 91 and p.
13
Suppose -3*b = 5*v - 185, 3*v + 225 = 2*b + b. What is the highest common divisor of b and 28?
14
Let s(i) = -6*i + 7 + 0*i - 1 - 3*i. Let y be s(-6). Suppose -4*l = -51 - 45. What is the greatest common divisor of y and l?
12
Let o(m) = -26*m + 206. Let s be o(7). What is the highest common factor of s and 576?
24
Let b be (-2 - -3 - -1)/(-2). Let v(n) = -5*n**3 + n**2 + 3*n + 1. Let a be v(b). Calculate the highest common factor of a and 44.
4
Let r(v) = 2*v**2 + v + 1. Let n be r(3). Let g = 470 + -382. Calculate the greatest common factor of n and g.
22
Suppose 8*a - 6*a - 10 = 0. What is the greatest common divisor of 1 and a?
1
Suppose 2*t + 5*d - 39 = t, 5*t - 219 = -d. Suppose 52 + t = 4*z. What is the greatest common divisor of 12 and z?
12
Let i be (7 - (-115)/(-15))*-72. What is the highest common factor of 444 and i?
12
Suppose 0*m - 63 = -m - 4*s, -4*m - 5*s = -197. What is the highest common factor of 43 and m?
43
Let p = 453 + -237. Suppose p = 2*k + k. Calculate the greatest common divisor of 18 and k.
18
Suppose -55 = -3*z - u, -3*z - 3*u = 19 - 64. Suppose 3*p - z - 34 = 0. Calculate the greatest common divisor of p and 198.
18
Suppose 63*q = 51*q + 108. Calculate the greatest common factor of q and 2.
1
Let g(i) be the first derivative of i**3 + 11*i**2/2 + 8*i + 5. Let x be g(-7). Suppose -2*c = c - x. Calculate the greatest common factor of c and 65.
13
Let c = 7 - 10. Let n be 12/(-36)*3*c. Suppose -2*f = q - 6*q + 2, 0 = 4*q + n*f - 20. Calculate the highest common divisor of q and 1.
1
Let q(b) = b**3 + 13*b**2 + 29*b - 4. Let m be q(-10). Calculate the highest common factor of 75 and m.
3
Let q = 80 - 38. Suppose 32*z + 90 = q*z. Let y be (-2)/6 + 408/9. What is the greatest common divisor of z and y?
9
Let g(p) = p - 4. Suppose -4*k + 1 = -3, 3*z - k = 8. Let t be g(z). Let h be 464/(t - 3)*-2. What is the greatest 